1
In base 12, what is 4 - 51b45?
-51b41
In base 4, what is -1020311130 + -22?
-1020311212
In base 16, what is -b4b - 58?
-ba3
In base 11, what is 8 + 8a47?
8a54
In base 7, what is -302105 + -2?
-302110
In base 15, what is 812 + 17?
829
In base 15, what is -206acb + 1?
-206aca
In base 7, what is -52640 - -256?
-52351
In base 4, what is -22033 - -311?
-21122
In base 8, what is -1762 + 63?
-1677
In base 8, what is 33157 + 3?
33162
In base 15, what is 11062 + -14?
1104d
In base 5, what is 1 + 240423?
240424
In base 11, what is -2 - -269837?
269835
In base 15, what is -14 - 24b77?
-24b8b
In base 7, what is 362245 - 144?
362101
In base 2, what is 1 + -1110001001000?
-1110001000111
In base 8, what is 675 + -41?
634
In base 2, what is 111000000101001000 - -101?
111000000101001101
In base 3, what is -22212201122 + -12?
-22212201211
In base 11, what is 3 + -298026?
-298023
In base 10, what is -5 + 12597?
12592
In base 3, what is 2011 - 1202120?
-1200102
In base 11, what is 107 - 695?
-589
In base 12, what is -11b + -55?
-174
In base 3, what is 100110220221 + -20?
100110220201
In base 10, what is -108099 + 1?
-108098
In base 9, what is -3 + -254384?
-254387
In base 16, what is -e1397 - -1?
-e1396
In base 8, what is 17 + -3644?
-3625
In base 5, what is 420022322 + 2?
420022324
In base 12, what is -15a + -104?
-262
In base 5, what is -42240232 + 11?
-42240221
In base 5, what is -3141 + -144134?
-202330
In base 14, what is -2bbd - -4?
-2bb9
In base 4, what is 131 + 2131020?
2131211
In base 9, what is 3828 + 1463?
5402
In base 7, what is 555 - 51?
504
In base 12, what is 18 - 1004?
-ba8
In base 12, what is 100 - -13a0?
14a0
In base 7, what is 11514 - -14?
11531
In base 3, what is 100 - -21211000222?
21211001022
In base 16, what is -2c853 + -4?
-2c857
In base 15, what is -4005 - -2?
-4003
In base 9, what is -25007 + 0?
-25007
In base 9, what is -425 - -4240?
3714
In base 16, what is -343 + 4a?
-2f9
In base 12, what is 7296 - 3?
7293
In base 10, what is -9893 - -76?
-9817
In base 12, what is -178 + -3a9?
-565
In base 6, what is 11052 - -1052?
12144
In base 15, what is -10 + c29?
c19
In base 7, what is -31045 + 22?
-31023
In base 4, what is 3 - -1021332222?
1021332231
In base 6, what is -124 - 152201?
-152325
In base 13, what is 24a - 1524?
-12a7
In base 14, what is -23 + 44bb?
4498
In base 13, what is 142882 + 1?
142883
In base 2, what is -11101011100100100 + 1100?
-11101011100011000
In base 3, what is -1121202212 - 2?
-1121202221
In base 2, what is 1100110 + 111001110001?
111011010111
In base 15, what is 1464c - -11?
1465d
In base 13, what is 42 - 4?
3b
In base 16, what is -5701 + -3?
-5704
In base 6, what is -3 + -31411014?
-31411021
In base 9, what is -16 - 215584?
-215611
In base 9, what is 2 - -1186?
1188
In base 7, what is 6 + -4560330?
-4560321
In base 15, what is -65980 - -3?
-6597c
In base 10, what is -5 + 205068?
205063
In base 5, what is -422 - 2232?
-3204
In base 3, what is -21201220 - -102?
-21201111
In base 12, what is 47310 + -12?
472ba
In base 3, what is 1201 - -220221?
222122
In base 6, what is 45323 - 1211?
44112
In base 11, what is -4 + -15259?
-15262
In base 11, what is 2821 - -8?
2829
In base 11, what is -34992 - 18?
-349aa
In base 3, what is -122 - 220120110?
-220121002
In base 8, what is -351 + 117?
-232
In base 14, what is c21 - -ac?
ccd
In base 10, what is -115 - -1369?
1254
In base 12, what is 2 - 9b2?
-9b0
In base 3, what is 112120 + 10?
112200
In base 9, what is -242 + 544?
302
In base 13, what is -5 + -182b?
-1833
In base 5, what is 102 - -344443?
400100
In base 5, what is -400024 - -130?
-344344
In base 8, what is 7626 - -13?
7641
In base 12, what is 204 - 181?
43
In base 16, what is 1b - 5df?
-5c4
In base 6, what is 323 - 314?
5
In base 7, what is 141256 + -140?
141116
In base 11, what is 0 - -3887?
3887
In base 16, what is 11 + 57fc?
580d
In base 9, what is -6533666 + 0?
-6533666
In base 12, what is 29b4 + 78?
2a70
In base 2, what is -101011011011101110 + 1100?
-101011011011100010
In base 15, what is 438 - -12?
44a
In base 15, what is 72 - 3ab?
-339
In base 4, what is 0 - 313?
-313
In base 13, what is 4 + -23c476?
-23c472
In base 5, what is -14020 + 34?
-13431
In base 11, what is 539 + 168?
6a6
In base 16, what is 9 + -1159?
-1150
In base 14, what is -20 + 24941?
24921
In base 9, what is 2717 + 20?
2737
In base 5, what is -14420 + -222?
-20142
In base 8, what is 5 + -32626?
-32621
In base 12, what is -440 - 452?
-892
In base 11, what is -2506 + -23?
-2529
In base 9, what is 7510 + -48?
7451
In base 9, what is 3 - 836517?
-836514
In base 12, what is 131 - -449?
57a
In base 3, what is -22202010112 - 1?
-22202010120
In base 12, what is -38 - 4b4?
-530
In base 6, what is 3115341 + 10?
3115351
In base 6, what is -2 - -3214031?
3214025
In base 12, what is bb953 - -9?
bb960
In base 13, what is 1c4 - 3b94?
-39a0
In base 8, what is 25 - -35775?
36022
In base 16, what is -22 + 233?
211
In base 12, what is 14b33 + 39?
14b70
In base 2, what is -10 + -11001011101001?
-11001011101011
In base 4, what is 213133 - 2?
213131
In base 15, what is -6462 - -3?
-645e
In base 12, what is 3 - 7068?
-7065
In base 6, what is -305 + -1054?
-1403
In base 12, what is 63b0a + -2?
63b08
In base 16, what is -5 + -49f?
-4a4
In base 8, what is 4147363 - -1?
4147364
In base 11, what is 7 + 26597?
265a3
In base 7, what is -5261 - 5?
-5266
In base 8, what is 110 - -4701?
5011
In base 5, what is 44003 - 131?
43322
In base 14, what is 4 + -51d5?
-51d1
In base 2, what is 1100 + -10101110110?
-10101101010
In base 9, what is 4 + -1566074?
-1566070
In base 13, what is -286 + -6c6?
-97c
In base 16, what is 717 + 8?
71f
In base 4, what is -131022 + -10333?
-202021
In base 5, what is 10 + -134240311?
-134240301
In base 5, what is 1214344 + 122?
1220021
In base 5, what is 1 - -3324402?
3324403
In base 15, what is 3 - -12b42?
12b45
In base 6, what is 5 + 110211?
110220
In base 14, what is 28cd05 - 1?
28cd04
In base 15, what is 41d + -54e?
-131
In base 8, what is -3626355 + -2?
-3626357
In base 5, what is 20000 + 100?
20100
In base 14, what is -d1 + 129?
38
In base 4, what is 1303113 + -1203?
1301310
In base 9, what is 8564 - 2?
8562
In base 12, what is -2b3465 - 3?
-2b3468
In base 2, what is 110 - 1001100111001110?
-1001100111001000
In base 9, what is 24630 - -32?
24662
In base 3, what is 0 - -20012112110?
20012112110
In base 3, what is 20011021 + -20120?
12220201
In base 4, what is -2 + -300020?
-300022
In base 4, what is -2010011320 - 22?
-2010012002
In base 12, what is 46a7b - 0?
46a7b
In base 13, what is 257407 - -5?
25740c
In base 16, what is e764 + -5?
e75f
In base 9, what is 45 - -1421?
1466
In base 11, what is 225 - 53?
182
In base 15, what is -3 - 18a0a?
-18a0d
In base 5, what is -3 - 21120212?
-21120220
In base 11, what is -21a8 + -398?
-2595
In base 5, what is -3002 + 23240?
20233
In base 14, what is -130 - -16b?
3b
In base 16, what is -50 - 1?
-51
In base 11, what is -452858 - 0?
-452858
In base 15, what is 0 - -3827?
3827
In base 9, what is 58554 + -33?
58521
In base 6, what is -120224550 - 0?
-120224550
In base 7, what is -1 - 1026202?
-1026203
In base 14, what is 79683 - 3?
79680
In base 15, what is -7 - -604a?
6043
In base 13, what is cac0 - -3?
cac3
In base 2, what is 11 - 110111101000010000100?
-110111101000010000001
In base 4, what is 111020 + -2333?
102021
In base 10, what is -12 - -3461?
3449
In base 15, what is -bb0 - -7?
-ba8
In base 3, what is -100102122220101 + 11?
-100102122220020
In base 14, what is 0 - db1?
-db1
In base 7, what is -152 - 135045?
-135230
In base 10, what is 4 - -30619?
30623
In base 4, what is 1 - 3001212?
-3001211
In base 2, what is -1111101 + 111000010000?
110110010011
In base 13, what is -1aa86 + -4?
-1aa8a
In base 11, what is 5991 - -157?
6038
In base 2, what is -1010001011001 + 110010?
-1010000100111
In base 13, what is a366 - 1a?
a349
In base 3, what is 2001112100 - 20?
2001112010
In base 9, what is -827771 + 5?
-827765
In base 11, what is 303309 + -2?
303307
In base 4, what is 11231100 + 203?
11231303
In base 15, what is -2 + -19d240?
-19d242
In base 13, what is -2c65a + -1?
-2c65b
In base 5, what is 323 - 2201?
-1323
In base 11, what is -4 - 38400?
-38404
In base 3, what is 101 - -1020112122?
1020120000
In base 12, what 